{"id":1717,"date":"2020-11-28T09:51:49","date_gmt":"2020-11-28T09:51:49","guid":{"rendered":"http:\/\/crazy4skydive.com\/?post_type=product&#038;p=1717"},"modified":"2024-10-17T07:58:27","modified_gmt":"2024-10-17T07:58:27","slug":"sytuacje-awaryjne-e-book","status":"publish","type":"product","link":"https:\/\/skydiveatmosfera.shop\/index.php\/product\/sytuacje-awaryjne-e-book\/","title":{"rendered":"Sytuacje Awaryjne (e-book) , czyli jak si\u0119 nie zabi\u0107"},"content":{"rendered":"<h1>Sytuacje Awaryjne (e-book)<\/h1>\n<p><img loading=\"lazy\" decoding=\"async\" class=\"alignnone wp-image-4230 size-full\" src=\"https:\/\/skydiveatmosfera.shop\/wp-content\/uploads\/2022\/09\/skydive-atmosferaskydiving-ebooks-podreczniki-spadochronowe0008.jpg\" alt=\"Sytuacje Awaryjne (e-book)\" width=\"800\" height=\"1138\" srcset=\"https:\/\/skydiveatmosfera.shop\/wp-content\/uploads\/2022\/09\/skydive-atmosferaskydiving-ebooks-podreczniki-spadochronowe0008.jpg 800w, https:\/\/skydiveatmosfera.shop\/wp-content\/uploads\/2022\/09\/skydive-atmosferaskydiving-ebooks-podreczniki-spadochronowe0008-600x854.jpg 600w, https:\/\/skydiveatmosfera.shop\/wp-content\/uploads\/2022\/09\/skydive-atmosferaskydiving-ebooks-podreczniki-spadochronowe0008-211x300.jpg 211w, https:\/\/skydiveatmosfera.shop\/wp-content\/uploads\/2022\/09\/skydive-atmosferaskydiving-ebooks-podreczniki-spadochronowe0008-768x1092.jpg 768w\" sizes=\"auto, (max-width: 800px) 100vw, 800px\" \/><\/p>\n","protected":false},"excerpt":{"rendered":"<h2>Sytuacje Awaryjne (e-book)<\/h2>\n<p>Przedstawiamy Wasz bestseller, czyli\u00a0d\u0142ugo oczekiwana pozycja serii\u00a0SKYDIVING \u2013 Sytuacje Awaryjne w Spadochroniarstwie.<br \/>\nW 2015 r. po raz pierwszy w historii polskiego spadochroniarstwa pojawi\u0142a si\u0119 seria SKYDIVING. Nowoczesna wiedza poparta wieloletnim studiowaniem tematu, wypadk\u00f3w spadochronowych i szczeg\u00f3\u0142ow\u0105 analiz\u0105 budowy sprz\u0119tu i psychiki skoczk\u00f3w.<\/p>\n<p>Pozycja wyczekiwana, poniewa\u017c kontrowersyjna i wymagaj\u0105ca bardzo ostro\u017cnego podej\u015bcia. Autor, Grzegorz Kucharczyk \u201cIwan\u201d przez wiele lat i miesi\u0119cy studiowa\u0142 poszczeg\u00f3lne przypadki, por\u00f3wnywa\u0142 sytuacje, analizowa\u0142 sylwetki i kariery spadochronowe ofiar uraz\u00f3w, tak\u017ce \u015bmiertelnych. Wiele paneli dyskusyjnych podczas szkole\u0144, lata pracy w Komisji Badania Wypadk\u00f3w Lotniczych i analityczne podej\u015bcie zaowocowa\u0142y pierwsz\u0105 tak\u0105 publikacj\u0105, kt\u00f3rej nadrz\u0119dnym celem jest propagowanie bezpiecze\u0144stwa w skokach spadochronowych.<\/p>\n<blockquote><p>S\u0142owo od autora:<\/p>\n<p>Najwi\u0119kszym zagro\u017ceniem skoczka jest niewiedza i brak \u015bwiadomo\u015bci istniej\u0105cych zagro\u017ce\u0144. Szkolenie podstawowe pe\u0142ne jest skr\u00f3t\u00f3w my\u015blowych, uproszcze\u0144 a co najwa\u017cniejsze \u2013 przygotowuje tylko i wy\u0142\u0105cznie do pierwszych skok\u00f3w. Mo\u017ce si\u0119 zdarzy\u0107, \u017ce wiedza zawarta w tej publikacji nigdy nie b\u0119dzie konieczna dla prze\u017cycia awarii. Mo\u017ce jednak zdarzy\u0107 si\u0119, \u017ce jej brak zawa\u017cy o by\u0107 albo nie by\u0107. Niezale\u017cnie jednak od szcz\u0119\u015bcia towarzysz\u0105cego ka\u017cdemu z nas w innym stopniu pozostaje co\u015b, co nazwiemy profesjonalizmem. Je\u015bli co\u015b robi\u0107, to robi\u0107 dobrze. Je\u015bli skaka\u0107 \u2013 to \u015bwiadomie.<\/p><\/blockquote>\n<p>Komentarz od redakcji:<\/p>\n<p>Niew\u0105tpliwie ta pozycja tworzy histori\u0119 polskiego spadochroniarstwa zbieraj\u0105c i wytyczaj\u0105c nowoczesne\u00a0standardy bezpiecze\u0144stwa w skokach spadochronowych. Ponad 550 stron wraz z dwoma dodatkami, stanowi solidn\u0105 i obowi\u0105zkow\u0105 lektur\u0119 dla ka\u017cdego skoczka i instruktora. Chocia\u017c jest to prawie encyklopedyczne opracowanie, \u00a0nie ma si\u0119 co obawia\u0107 \u2013 \u00a0jest napisana lekkim i zrozumia\u0142ym dla ka\u017cdego j\u0119zykiem. Swoiste i w\u0142a\u015bciwe autorowi poczucie humoru roz\u0142adowuje napi\u0119cie, a cz\u0119sto powtarzane najwa\u017cniejsze idee przewodnie z \u0142atwo\u015bci\u0105 zapadaj\u0105 w pami\u0119\u0107.<\/p>\n<p>Doskonale przemy\u015blana \u00a0koncepcja chronologii zawiera\u00a0bezb\u0142\u0119dnie dobrane wypadki i ich analiz\u0119,\u00a0w\u0142asne prze\u017cycia i przemy\u015blenia, podkre\u015blaj\u0105ce autentyczno\u015b\u0107 publikacji,\u00a0\u015bwietnie dobrane ilustracje i grafiki oraz zawiera\u00a0du\u017co odniesie\u0144 do najwa\u017cniejszych przes\u0142a\u0144 w wielu miejscach publikacji, dzi\u0119ki temu nawet czytaj\u0105c przypadkowo wybrany rozdzia\u0142, mamy poj\u0119cie o koncepcji ca\u0142o\u015bci. Ze wzgl\u0119du w\u0142a\u015bnie \u00a0na t\u0105, przemy\u015blan\u0105 dok\u0142adnie koncepcj\u0119, zalecane jest jednak pierwsze czytanie poradnika\u00a0od pocz\u0105tku do ko\u0144ca.<\/p>\n<div>E-book \u201cSytuacje Awaryjne,\u201d jak na opracowanie typu encyklopedycznego \u2013 \u00a0czyta si\u0119 dos\u0142ownie \u201ejednym tchem\u201d.<\/div>\n<div>Zach\u0119camy gor\u0105co do lektury i zachowania tego ebooka \u201cpod r\u0119k\u0105\u201d na ka\u017cdej strefie zrzutu.<\/div>\n","protected":false},"featured_media":4230,"template":"","meta":{"_themeisle_gutenberg_block_has_review":false},"pwb-brand":[335,260],"product_brand":[],"product_cat":[337,20],"product_tag":[60,59,56,58,57,41,65,64,63,302,62,61],"class_list":{"0":"post-1717","1":"product","2":"type-product","3":"status-publish","4":"has-post-thumbnail","6":"pwb-brand-skydive-atmosfera-books","7":"pwb-brand-skydive-atmosfera-exclusive","8":"product_cat-ebooks-in-polish","9":"product_cat-ebooks","10":"product_tag-atmosferalibrary","11":"product_tag-ebookiwana","12":"product_tag-ebookspadochronowy","13":"product_tag-seriaskokispadochronowe","14":"product_tag-skydivingseries","15":"product_tag-wypadkispadochronowe","16":"product_tag-grzegorz-kucharczyk","17":"product_tag-seria-skydiving","18":"product_tag-sytuacje-awaryjne","19":"product_tag-sytuacje-awaryjne-e-book-2","20":"product_tag-sytuacjeawaryjne","21":"product_tag-wypadki","23":"first","24":"instock","25":"downloadable","26":"virtual","27":"purchasable","28":"product-type-simple"},"yoast_head":"<!-- This site is optimized with the Yoast SEO plugin v27.1.1 - https:\/\/yoast.com\/product\/yoast-seo-wordpress\/ -->\n<title>Sytuacje Awaryjne (e-book) , czyli jak si\u0119 nie zabi\u0107 Sytuacje Awaryjne (e-book) - skydiveatmosfera.shop<\/title>\n<meta name=\"description\" content=\"sytuacje awaryjneSytuacje Awaryjne (e-book) ebook\" \/>\n<meta name=\"robots\" content=\"index, follow, max-snippet:-1, max-image-preview:large, max-video-preview:-1\" \/>\n<link rel=\"canonical\" href=\"https:\/\/skydiveatmosfera.shop\/index.php\/product\/sytuacje-awaryjne-e-book\/\" \/>\n<meta property=\"og:locale\" content=\"en_US\" \/>\n<meta property=\"og:type\" content=\"article\" \/>\n<meta property=\"og:title\" content=\"Sytuacje Awaryjne (e-book) , czyli jak si\u0119 nie zabi\u0107 Sytuacje Awaryjne (e-book) - skydiveatmosfera.shop\" \/>\n<meta property=\"og:description\" content=\"sytuacje awaryjneSytuacje Awaryjne (e-book) ebook\" \/>\n<meta property=\"og:url\" content=\"https:\/\/skydiveatmosfera.shop\/index.php\/product\/sytuacje-awaryjne-e-book\/\" \/>\n<meta property=\"og:site_name\" content=\"skydiveatmosfera.shop\" \/>\n<meta property=\"article:publisher\" content=\"https:\/\/www.facebook.com\/skydiveatmosferashop\/\" \/>\n<meta property=\"article:modified_time\" content=\"2024-10-17T07:58:27+00:00\" \/>\n<meta property=\"og:image\" content=\"https:\/\/skydiveatmosfera.shop\/wp-content\/uploads\/2022\/09\/skydive-atmosferaskydiving-ebooks-podreczniki-spadochronowe0008.jpg\" \/>\n\t<meta property=\"og:image:width\" content=\"800\" \/>\n\t<meta property=\"og:image:height\" content=\"1138\" \/>\n\t<meta property=\"og:image:type\" content=\"image\/jpeg\" \/>\n<meta name=\"twitter:card\" content=\"summary_large_image\" \/>\n<script type=\"application\/ld+json\" class=\"yoast-schema-graph\">{\"@context\":\"https:\/\/schema.org\",\"@graph\":[{\"@type\":\"WebPage\",\"@id\":\"https:\/\/skydiveatmosfera.shop\/index.php\/product\/sytuacje-awaryjne-e-book\/\",\"url\":\"https:\/\/skydiveatmosfera.shop\/index.php\/product\/sytuacje-awaryjne-e-book\/\",\"name\":\"Sytuacje Awaryjne (e-book) , czyli jak si\u0119 nie zabi\u0107 Sytuacje Awaryjne (e-book) - skydiveatmosfera.shop\",\"isPartOf\":{\"@id\":\"https:\/\/skydiveatmosfera.shop\/#website\"},\"primaryImageOfPage\":{\"@id\":\"https:\/\/skydiveatmosfera.shop\/index.php\/product\/sytuacje-awaryjne-e-book\/#primaryimage\"},\"image\":{\"@id\":\"https:\/\/skydiveatmosfera.shop\/index.php\/product\/sytuacje-awaryjne-e-book\/#primaryimage\"},\"thumbnailUrl\":\"https:\/\/skydiveatmosfera.shop\/wp-content\/uploads\/2022\/09\/skydive-atmosferaskydiving-ebooks-podreczniki-spadochronowe0008.jpg\",\"datePublished\":\"2020-11-28T09:51:49+00:00\",\"dateModified\":\"2024-10-17T07:58:27+00:00\",\"description\":\"sytuacje awaryjneSytuacje Awaryjne (e-book) ebook\",\"breadcrumb\":{\"@id\":\"https:\/\/skydiveatmosfera.shop\/index.php\/product\/sytuacje-awaryjne-e-book\/#breadcrumb\"},\"inLanguage\":\"en-US\",\"potentialAction\":[{\"@type\":\"ReadAction\",\"target\":[\"https:\/\/skydiveatmosfera.shop\/index.php\/product\/sytuacje-awaryjne-e-book\/\"]}]},{\"@type\":\"ImageObject\",\"inLanguage\":\"en-US\",\"@id\":\"https:\/\/skydiveatmosfera.shop\/index.php\/product\/sytuacje-awaryjne-e-book\/#primaryimage\",\"url\":\"https:\/\/skydiveatmosfera.shop\/wp-content\/uploads\/2022\/09\/skydive-atmosferaskydiving-ebooks-podreczniki-spadochronowe0008.jpg\",\"contentUrl\":\"https:\/\/skydiveatmosfera.shop\/wp-content\/uploads\/2022\/09\/skydive-atmosferaskydiving-ebooks-podreczniki-spadochronowe0008.jpg\",\"width\":800,\"height\":1138,\"caption\":\"sytuacje awaryjne ebook\"},{\"@type\":\"BreadcrumbList\",\"@id\":\"https:\/\/skydiveatmosfera.shop\/index.php\/product\/sytuacje-awaryjne-e-book\/#breadcrumb\",\"itemListElement\":[{\"@type\":\"ListItem\",\"position\":1,\"name\":\"Home\",\"item\":\"https:\/\/skydiveatmosfera.shop\/\"},{\"@type\":\"ListItem\",\"position\":2,\"name\":\"Store\",\"item\":\"https:\/\/skydiveatmosfera.shop\/\"},{\"@type\":\"ListItem\",\"position\":3,\"name\":\"Sytuacje Awaryjne (e-book) , czyli jak si\u0119 nie zabi\u0107\"}]},{\"@type\":\"WebSite\",\"@id\":\"https:\/\/skydiveatmosfera.shop\/#website\",\"url\":\"https:\/\/skydiveatmosfera.shop\/\",\"name\":\"skydiveatmosfera.shop\",\"description\":\"Gear picked by instructors. Not influencers. Not dealers. \ud83d\udc49 Used by jumpers. \ud83d\udc49 Not hyped by ads\",\"publisher\":{\"@id\":\"https:\/\/skydiveatmosfera.shop\/#organization\"},\"potentialAction\":[{\"@type\":\"SearchAction\",\"target\":{\"@type\":\"EntryPoint\",\"urlTemplate\":\"https:\/\/skydiveatmosfera.shop\/?s={search_term_string}\"},\"query-input\":{\"@type\":\"PropertyValueSpecification\",\"valueRequired\":true,\"valueName\":\"search_term_string\"}}],\"inLanguage\":\"en-US\"},{\"@type\":\"Organization\",\"@id\":\"https:\/\/skydiveatmosfera.shop\/#organization\",\"name\":\"skydiveatmosfera.shop\",\"url\":\"https:\/\/skydiveatmosfera.shop\/\",\"logo\":{\"@type\":\"ImageObject\",\"inLanguage\":\"en-US\",\"@id\":\"https:\/\/skydiveatmosfera.shop\/#\/schema\/logo\/image\/\",\"url\":\"https:\/\/skydiveatmosfera.shop\/wp-content\/uploads\/2025\/07\/Logo-SA-Shop-duze.png\",\"contentUrl\":\"https:\/\/skydiveatmosfera.shop\/wp-content\/uploads\/2025\/07\/Logo-SA-Shop-duze.png\",\"width\":813,\"height\":813,\"caption\":\"skydiveatmosfera.shop\"},\"image\":{\"@id\":\"https:\/\/skydiveatmosfera.shop\/#\/schema\/logo\/image\/\"},\"sameAs\":[\"https:\/\/www.facebook.com\/skydiveatmosferashop\/\",\"https:\/\/www.instagram.com\/skydiveatmosfera_shop\/\"]}]}<\/script>\n<!-- \/ Yoast SEO plugin. -->","yoast_head_json":{"title":"Sytuacje Awaryjne (e-book) , czyli jak si\u0119 nie zabi\u0107 Sytuacje Awaryjne (e-book) - skydiveatmosfera.shop","description":"sytuacje awaryjneSytuacje Awaryjne (e-book) ebook","robots":{"index":"index","follow":"follow","max-snippet":"max-snippet:-1","max-image-preview":"max-image-preview:large","max-video-preview":"max-video-preview:-1"},"canonical":"https:\/\/skydiveatmosfera.shop\/index.php\/product\/sytuacje-awaryjne-e-book\/","og_locale":"en_US","og_type":"article","og_title":"Sytuacje Awaryjne (e-book) , czyli jak si\u0119 nie zabi\u0107 Sytuacje Awaryjne (e-book) - skydiveatmosfera.shop","og_description":"sytuacje awaryjneSytuacje Awaryjne (e-book) ebook","og_url":"https:\/\/skydiveatmosfera.shop\/index.php\/product\/sytuacje-awaryjne-e-book\/","og_site_name":"skydiveatmosfera.shop","article_publisher":"https:\/\/www.facebook.com\/skydiveatmosferashop\/","article_modified_time":"2024-10-17T07:58:27+00:00","og_image":[{"width":800,"height":1138,"url":"https:\/\/skydiveatmosfera.shop\/wp-content\/uploads\/2022\/09\/skydive-atmosferaskydiving-ebooks-podreczniki-spadochronowe0008.jpg","type":"image\/jpeg"}],"twitter_card":"summary_large_image","schema":{"@context":"https:\/\/schema.org","@graph":[{"@type":"WebPage","@id":"https:\/\/skydiveatmosfera.shop\/index.php\/product\/sytuacje-awaryjne-e-book\/","url":"https:\/\/skydiveatmosfera.shop\/index.php\/product\/sytuacje-awaryjne-e-book\/","name":"Sytuacje Awaryjne (e-book) , czyli jak si\u0119 nie zabi\u0107 Sytuacje Awaryjne (e-book) - skydiveatmosfera.shop","isPartOf":{"@id":"https:\/\/skydiveatmosfera.shop\/#website"},"primaryImageOfPage":{"@id":"https:\/\/skydiveatmosfera.shop\/index.php\/product\/sytuacje-awaryjne-e-book\/#primaryimage"},"image":{"@id":"https:\/\/skydiveatmosfera.shop\/index.php\/product\/sytuacje-awaryjne-e-book\/#primaryimage"},"thumbnailUrl":"https:\/\/skydiveatmosfera.shop\/wp-content\/uploads\/2022\/09\/skydive-atmosferaskydiving-ebooks-podreczniki-spadochronowe0008.jpg","datePublished":"2020-11-28T09:51:49+00:00","dateModified":"2024-10-17T07:58:27+00:00","description":"sytuacje awaryjneSytuacje Awaryjne (e-book) ebook","breadcrumb":{"@id":"https:\/\/skydiveatmosfera.shop\/index.php\/product\/sytuacje-awaryjne-e-book\/#breadcrumb"},"inLanguage":"en-US","potentialAction":[{"@type":"ReadAction","target":["https:\/\/skydiveatmosfera.shop\/index.php\/product\/sytuacje-awaryjne-e-book\/"]}]},{"@type":"ImageObject","inLanguage":"en-US","@id":"https:\/\/skydiveatmosfera.shop\/index.php\/product\/sytuacje-awaryjne-e-book\/#primaryimage","url":"https:\/\/skydiveatmosfera.shop\/wp-content\/uploads\/2022\/09\/skydive-atmosferaskydiving-ebooks-podreczniki-spadochronowe0008.jpg","contentUrl":"https:\/\/skydiveatmosfera.shop\/wp-content\/uploads\/2022\/09\/skydive-atmosferaskydiving-ebooks-podreczniki-spadochronowe0008.jpg","width":800,"height":1138,"caption":"sytuacje awaryjne ebook"},{"@type":"BreadcrumbList","@id":"https:\/\/skydiveatmosfera.shop\/index.php\/product\/sytuacje-awaryjne-e-book\/#breadcrumb","itemListElement":[{"@type":"ListItem","position":1,"name":"Home","item":"https:\/\/skydiveatmosfera.shop\/"},{"@type":"ListItem","position":2,"name":"Store","item":"https:\/\/skydiveatmosfera.shop\/"},{"@type":"ListItem","position":3,"name":"Sytuacje Awaryjne (e-book) , czyli jak si\u0119 nie zabi\u0107"}]},{"@type":"WebSite","@id":"https:\/\/skydiveatmosfera.shop\/#website","url":"https:\/\/skydiveatmosfera.shop\/","name":"skydiveatmosfera.shop","description":"Gear picked by instructors. Not influencers. Not dealers. \ud83d\udc49 Used by jumpers. \ud83d\udc49 Not hyped by ads","publisher":{"@id":"https:\/\/skydiveatmosfera.shop\/#organization"},"potentialAction":[{"@type":"SearchAction","target":{"@type":"EntryPoint","urlTemplate":"https:\/\/skydiveatmosfera.shop\/?s={search_term_string}"},"query-input":{"@type":"PropertyValueSpecification","valueRequired":true,"valueName":"search_term_string"}}],"inLanguage":"en-US"},{"@type":"Organization","@id":"https:\/\/skydiveatmosfera.shop\/#organization","name":"skydiveatmosfera.shop","url":"https:\/\/skydiveatmosfera.shop\/","logo":{"@type":"ImageObject","inLanguage":"en-US","@id":"https:\/\/skydiveatmosfera.shop\/#\/schema\/logo\/image\/","url":"https:\/\/skydiveatmosfera.shop\/wp-content\/uploads\/2025\/07\/Logo-SA-Shop-duze.png","contentUrl":"https:\/\/skydiveatmosfera.shop\/wp-content\/uploads\/2025\/07\/Logo-SA-Shop-duze.png","width":813,"height":813,"caption":"skydiveatmosfera.shop"},"image":{"@id":"https:\/\/skydiveatmosfera.shop\/#\/schema\/logo\/image\/"},"sameAs":["https:\/\/www.facebook.com\/skydiveatmosferashop\/","https:\/\/www.instagram.com\/skydiveatmosfera_shop\/"]}]}},"jetpack-related-posts":[],"jetpack_sharing_enabled":true,"brands":[{"id":335,"name":"Skydive Atmosfera Books","slug":"skydive-atmosfera-books"},{"id":260,"name":"Skydive Atmosfera Exclusive","slug":"skydive-atmosfera-exclusive"}],"_links":{"self":[{"href":"https:\/\/skydiveatmosfera.shop\/index.php\/wp-json\/wp\/v2\/product\/1717","targetHints":{"allow":["GET"]}}],"collection":[{"href":"https:\/\/skydiveatmosfera.shop\/index.php\/wp-json\/wp\/v2\/product"}],"about":[{"href":"https:\/\/skydiveatmosfera.shop\/index.php\/wp-json\/wp\/v2\/types\/product"}],"wp:featuredmedia":[{"embeddable":true,"href":"https:\/\/skydiveatmosfera.shop\/index.php\/wp-json\/wp\/v2\/media\/4230"}],"wp:attachment":[{"href":"https:\/\/skydiveatmosfera.shop\/index.php\/wp-json\/wp\/v2\/media?parent=1717"}],"wp:term":[{"taxonomy":"pwb-brand","embeddable":true,"href":"https:\/\/skydiveatmosfera.shop\/index.php\/wp-json\/wp\/v2\/pwb-brand?post=1717"},{"taxonomy":"product_brand","embeddable":true,"href":"https:\/\/skydiveatmosfera.shop\/index.php\/wp-json\/wp\/v2\/product_brand?post=1717"},{"taxonomy":"product_cat","embeddable":true,"href":"https:\/\/skydiveatmosfera.shop\/index.php\/wp-json\/wp\/v2\/product_cat?post=1717"},{"taxonomy":"product_tag","embeddable":true,"href":"https:\/\/skydiveatmosfera.shop\/index.php\/wp-json\/wp\/v2\/product_tag?post=1717"}],"curies":[{"name":"wp","href":"https:\/\/api.w.org\/{rel}","templated":true}]}}