{"id":1695,"date":"2020-11-27T13:42:39","date_gmt":"2020-11-27T13:42:39","guid":{"rendered":"http:\/\/crazy4skydive.com\/?post_type=product&#038;p=1695"},"modified":"2024-10-17T07:58:40","modified_gmt":"2024-10-17T07:58:40","slug":"skydiving-co-dalej-po-aff-czyli-zostajesz-sam-na-sam-ebook","status":"publish","type":"product","link":"https:\/\/skydiveatmosfera.shop\/index.php\/product\/skydiving-co-dalej-po-aff-czyli-zostajesz-sam-na-sam-ebook\/","title":{"rendered":"Co dalej po AFF, czyli Zostajesz Sam na Sam (e-book)"},"content":{"rendered":"<h1>Co dalej po AFF, czyli Zostajesz Sam na Sam (e-book)<\/h1>\n<p><img loading=\"lazy\" decoding=\"async\" class=\"alignnone wp-image-4218 size-full\" src=\"https:\/\/skydiveatmosfera.shop\/wp-content\/uploads\/2022\/09\/skydive-atmosferaskydiving-ebooks-podreczniki-spadochronowe0003.jpg\" alt=\"co dalej po aff czyli droga do licencji\" width=\"800\" height=\"1139\" srcset=\"https:\/\/skydiveatmosfera.shop\/wp-content\/uploads\/2022\/09\/skydive-atmosferaskydiving-ebooks-podreczniki-spadochronowe0003.jpg 800w, https:\/\/skydiveatmosfera.shop\/wp-content\/uploads\/2022\/09\/skydive-atmosferaskydiving-ebooks-podreczniki-spadochronowe0003-600x854.jpg 600w, https:\/\/skydiveatmosfera.shop\/wp-content\/uploads\/2022\/09\/skydive-atmosferaskydiving-ebooks-podreczniki-spadochronowe0003-211x300.jpg 211w, https:\/\/skydiveatmosfera.shop\/wp-content\/uploads\/2022\/09\/skydive-atmosferaskydiving-ebooks-podreczniki-spadochronowe0003-768x1093.jpg 768w\" sizes=\"auto, (max-width: 800px) 100vw, 800px\" \/><\/p>\n<div><\/div>\n<p>&nbsp;<\/p>\n","protected":false},"excerpt":{"rendered":"<h2>SERIA SKYDIVING<\/h2>\n<div>Jeste\u015b w trakcie lub sko\u0144czy\u0142e\u015b kurs AFF i dopad\u0142a Ci\u0119 euforia, lub odwrotnie \u2013 masz l\u0119ki? Bez pog\u0142ebiania swojej wiedzy i u\u015bwiadomienia sobie czyhaj\u0105cych zagro\u017ce\u0144, Twoje zdrowie i \u017cycie mog\u0105 by\u0107 w niebezpiecze\u0144stwie. Oto drugi poradnik z serii o skokach spadochronowych. \u00a0W spos\u00f3b uporz\u0105dkowany, przyst\u0119pny i z humorem autor przybli\u017ca nowoczesn\u0105 wiedz\u0119, ods\u0142aniaj\u0105c krok po kroku to, na co nie by\u0142o czasu w trakcie szybkiego kursu AFF.<\/div>\n<div>Sytuacje szczeg\u00f3lnego zagro\u017cenia wskazane s\u0105 merytorycznie i rzeczowo, a porady, jak ich unika\u0107, s\u0105 na wyci\u0105gni\u0119cie r\u0119ki.<\/div>\n<div><\/div>\n<div>Powstanie serii by\u0142o mo\u017cliwe dzi\u0119ki wiedzy i do\u015bwiadczeniu autora, zdobytych podczas \u00a0prowadzenia przez ponad 20 lat kurs\u00f3w SL i AFF oraz analizowania wypadk\u00f3w podczas pracy w PKBWL. Bardzo wa\u017cny jest tu przedstawiony r\u00f3wnie\u017c punkt widzenia organizatora skok\u00f3w. Chocia\u017c poradnik przeznaczony jest zar\u00f3wno dla uczni\u00f3w, jak i skoczk\u00f3w powracaj\u0105cych po d\u0142u\u017cszej przerwie, to powinien go r\u00f3wnie\u017c mie\u0107 ka\u017cdy \u015bwiadomy instruktor spadochronowy.<\/div>\n<p>&nbsp;<\/p>\n","protected":false},"featured_media":4218,"template":"","meta":{"_themeisle_gutenberg_block_has_review":false},"pwb-brand":[335,260],"product_brand":[],"product_cat":[337,20],"product_tag":[43,44,45,46,48,49,50,51,52,53,54],"class_list":{"0":"post-1695","1":"product","2":"type-product","3":"status-publish","4":"has-post-thumbnail","6":"pwb-brand-skydive-atmosfera-books","7":"pwb-brand-skydive-atmosfera-exclusive","8":"product_cat-ebooks-in-polish","9":"product_cat-ebooks","10":"product_tag-jak-zaczac-aff","11":"product_tag-jak-zaczac-skoki-spadochronowe","12":"product_tag-kurs-aff","13":"product_tag-kurs-spadochronowy","14":"product_tag-podrecznik-do-skokow-spadochronowych","15":"product_tag-skoki-aff","16":"product_tag-skoki-spadochronowe","17":"product_tag-skoki-spadochronowe-manual","18":"product_tag-skoki-w-hiszpanii","19":"product_tag-skydive-atmosfera","20":"product_tag-spadochron","22":"first","23":"instock","24":"downloadable","25":"virtual","26":"taxable","27":"purchasable","28":"product-type-simple"},"yoast_head":"<!-- This site is optimized with the Yoast SEO plugin v27.1.1 - https:\/\/yoast.com\/product\/yoast-seo-wordpress\/ -->\n<title>Co dalej po AFF, czyli Zostajesz Sam na Sam (e-book) - skydiveatmosfera.shop<\/title>\n<meta name=\"description\" content=\"co dalej po aff\" \/>\n<meta name=\"robots\" content=\"index, follow, max-snippet:-1, max-image-preview:large, max-video-preview:-1\" \/>\n<link rel=\"canonical\" href=\"https:\/\/skydiveatmosfera.shop\/index.php\/product\/skydiving-co-dalej-po-aff-czyli-zostajesz-sam-na-sam-ebook\/\" \/>\n<meta property=\"og:locale\" content=\"en_US\" \/>\n<meta property=\"og:type\" content=\"article\" \/>\n<meta property=\"og:title\" content=\"Co dalej po AFF, czyli Zostajesz Sam na Sam (e-book) - skydiveatmosfera.shop\" \/>\n<meta property=\"og:description\" content=\"co dalej po aff\" \/>\n<meta property=\"og:url\" content=\"https:\/\/skydiveatmosfera.shop\/index.php\/product\/skydiving-co-dalej-po-aff-czyli-zostajesz-sam-na-sam-ebook\/\" \/>\n<meta property=\"og:site_name\" content=\"skydiveatmosfera.shop\" \/>\n<meta property=\"article:publisher\" content=\"https:\/\/www.facebook.com\/skydiveatmosferashop\/\" \/>\n<meta property=\"article:modified_time\" content=\"2024-10-17T07:58:40+00:00\" \/>\n<meta property=\"og:image\" content=\"https:\/\/skydiveatmosfera.shop\/wp-content\/uploads\/2022\/09\/skydive-atmosferaskydiving-ebooks-podreczniki-spadochronowe0003.jpg\" \/>\n\t<meta property=\"og:image:width\" content=\"800\" \/>\n\t<meta property=\"og:image:height\" content=\"1139\" \/>\n\t<meta property=\"og:image:type\" content=\"image\/jpeg\" \/>\n<meta name=\"twitter:card\" content=\"summary_large_image\" \/>\n<script type=\"application\/ld+json\" class=\"yoast-schema-graph\">{\"@context\":\"https:\/\/schema.org\",\"@graph\":[{\"@type\":\"WebPage\",\"@id\":\"https:\/\/skydiveatmosfera.shop\/index.php\/product\/skydiving-co-dalej-po-aff-czyli-zostajesz-sam-na-sam-ebook\/\",\"url\":\"https:\/\/skydiveatmosfera.shop\/index.php\/product\/skydiving-co-dalej-po-aff-czyli-zostajesz-sam-na-sam-ebook\/\",\"name\":\"Co dalej po AFF, czyli Zostajesz Sam na Sam (e-book) - skydiveatmosfera.shop\",\"isPartOf\":{\"@id\":\"https:\/\/skydiveatmosfera.shop\/#website\"},\"primaryImageOfPage\":{\"@id\":\"https:\/\/skydiveatmosfera.shop\/index.php\/product\/skydiving-co-dalej-po-aff-czyli-zostajesz-sam-na-sam-ebook\/#primaryimage\"},\"image\":{\"@id\":\"https:\/\/skydiveatmosfera.shop\/index.php\/product\/skydiving-co-dalej-po-aff-czyli-zostajesz-sam-na-sam-ebook\/#primaryimage\"},\"thumbnailUrl\":\"https:\/\/skydiveatmosfera.shop\/wp-content\/uploads\/2022\/09\/skydive-atmosferaskydiving-ebooks-podreczniki-spadochronowe0003.jpg\",\"datePublished\":\"2020-11-27T13:42:39+00:00\",\"dateModified\":\"2024-10-17T07:58:40+00:00\",\"description\":\"co dalej po aff\",\"breadcrumb\":{\"@id\":\"https:\/\/skydiveatmosfera.shop\/index.php\/product\/skydiving-co-dalej-po-aff-czyli-zostajesz-sam-na-sam-ebook\/#breadcrumb\"},\"inLanguage\":\"en-US\",\"potentialAction\":[{\"@type\":\"ReadAction\",\"target\":[\"https:\/\/skydiveatmosfera.shop\/index.php\/product\/skydiving-co-dalej-po-aff-czyli-zostajesz-sam-na-sam-ebook\/\"]}]},{\"@type\":\"ImageObject\",\"inLanguage\":\"en-US\",\"@id\":\"https:\/\/skydiveatmosfera.shop\/index.php\/product\/skydiving-co-dalej-po-aff-czyli-zostajesz-sam-na-sam-ebook\/#primaryimage\",\"url\":\"https:\/\/skydiveatmosfera.shop\/wp-content\/uploads\/2022\/09\/skydive-atmosferaskydiving-ebooks-podreczniki-spadochronowe0003.jpg\",\"contentUrl\":\"https:\/\/skydiveatmosfera.shop\/wp-content\/uploads\/2022\/09\/skydive-atmosferaskydiving-ebooks-podreczniki-spadochronowe0003.jpg\",\"width\":800,\"height\":1139,\"caption\":\"co dalej po aff czyli droga do licencji\"},{\"@type\":\"BreadcrumbList\",\"@id\":\"https:\/\/skydiveatmosfera.shop\/index.php\/product\/skydiving-co-dalej-po-aff-czyli-zostajesz-sam-na-sam-ebook\/#breadcrumb\",\"itemListElement\":[{\"@type\":\"ListItem\",\"position\":1,\"name\":\"Home\",\"item\":\"https:\/\/skydiveatmosfera.shop\/\"},{\"@type\":\"ListItem\",\"position\":2,\"name\":\"Store\",\"item\":\"https:\/\/skydiveatmosfera.shop\/\"},{\"@type\":\"ListItem\",\"position\":3,\"name\":\"Co dalej po AFF, czyli Zostajesz Sam na Sam (e-book)\"}]},{\"@type\":\"WebSite\",\"@id\":\"https:\/\/skydiveatmosfera.shop\/#website\",\"url\":\"https:\/\/skydiveatmosfera.shop\/\",\"name\":\"skydiveatmosfera.shop\",\"description\":\"Gear picked by instructors. Not influencers. Not dealers. \ud83d\udc49 Used by jumpers. \ud83d\udc49 Not hyped by ads\",\"publisher\":{\"@id\":\"https:\/\/skydiveatmosfera.shop\/#organization\"},\"potentialAction\":[{\"@type\":\"SearchAction\",\"target\":{\"@type\":\"EntryPoint\",\"urlTemplate\":\"https:\/\/skydiveatmosfera.shop\/?s={search_term_string}\"},\"query-input\":{\"@type\":\"PropertyValueSpecification\",\"valueRequired\":true,\"valueName\":\"search_term_string\"}}],\"inLanguage\":\"en-US\"},{\"@type\":\"Organization\",\"@id\":\"https:\/\/skydiveatmosfera.shop\/#organization\",\"name\":\"skydiveatmosfera.shop\",\"url\":\"https:\/\/skydiveatmosfera.shop\/\",\"logo\":{\"@type\":\"ImageObject\",\"inLanguage\":\"en-US\",\"@id\":\"https:\/\/skydiveatmosfera.shop\/#\/schema\/logo\/image\/\",\"url\":\"https:\/\/skydiveatmosfera.shop\/wp-content\/uploads\/2025\/07\/Logo-SA-Shop-duze.png\",\"contentUrl\":\"https:\/\/skydiveatmosfera.shop\/wp-content\/uploads\/2025\/07\/Logo-SA-Shop-duze.png\",\"width\":813,\"height\":813,\"caption\":\"skydiveatmosfera.shop\"},\"image\":{\"@id\":\"https:\/\/skydiveatmosfera.shop\/#\/schema\/logo\/image\/\"},\"sameAs\":[\"https:\/\/www.facebook.com\/skydiveatmosferashop\/\",\"https:\/\/www.instagram.com\/skydiveatmosfera_shop\/\"]}]}<\/script>\n<!-- \/ Yoast SEO plugin. -->","yoast_head_json":{"title":"Co dalej po AFF, czyli Zostajesz Sam na Sam (e-book) - skydiveatmosfera.shop","description":"co dalej po aff","robots":{"index":"index","follow":"follow","max-snippet":"max-snippet:-1","max-image-preview":"max-image-preview:large","max-video-preview":"max-video-preview:-1"},"canonical":"https:\/\/skydiveatmosfera.shop\/index.php\/product\/skydiving-co-dalej-po-aff-czyli-zostajesz-sam-na-sam-ebook\/","og_locale":"en_US","og_type":"article","og_title":"Co dalej po AFF, czyli Zostajesz Sam na Sam (e-book) - skydiveatmosfera.shop","og_description":"co dalej po aff","og_url":"https:\/\/skydiveatmosfera.shop\/index.php\/product\/skydiving-co-dalej-po-aff-czyli-zostajesz-sam-na-sam-ebook\/","og_site_name":"skydiveatmosfera.shop","article_publisher":"https:\/\/www.facebook.com\/skydiveatmosferashop\/","article_modified_time":"2024-10-17T07:58:40+00:00","og_image":[{"width":800,"height":1139,"url":"https:\/\/skydiveatmosfera.shop\/wp-content\/uploads\/2022\/09\/skydive-atmosferaskydiving-ebooks-podreczniki-spadochronowe0003.jpg","type":"image\/jpeg"}],"twitter_card":"summary_large_image","schema":{"@context":"https:\/\/schema.org","@graph":[{"@type":"WebPage","@id":"https:\/\/skydiveatmosfera.shop\/index.php\/product\/skydiving-co-dalej-po-aff-czyli-zostajesz-sam-na-sam-ebook\/","url":"https:\/\/skydiveatmosfera.shop\/index.php\/product\/skydiving-co-dalej-po-aff-czyli-zostajesz-sam-na-sam-ebook\/","name":"Co dalej po AFF, czyli Zostajesz Sam na Sam (e-book) - skydiveatmosfera.shop","isPartOf":{"@id":"https:\/\/skydiveatmosfera.shop\/#website"},"primaryImageOfPage":{"@id":"https:\/\/skydiveatmosfera.shop\/index.php\/product\/skydiving-co-dalej-po-aff-czyli-zostajesz-sam-na-sam-ebook\/#primaryimage"},"image":{"@id":"https:\/\/skydiveatmosfera.shop\/index.php\/product\/skydiving-co-dalej-po-aff-czyli-zostajesz-sam-na-sam-ebook\/#primaryimage"},"thumbnailUrl":"https:\/\/skydiveatmosfera.shop\/wp-content\/uploads\/2022\/09\/skydive-atmosferaskydiving-ebooks-podreczniki-spadochronowe0003.jpg","datePublished":"2020-11-27T13:42:39+00:00","dateModified":"2024-10-17T07:58:40+00:00","description":"co dalej po aff","breadcrumb":{"@id":"https:\/\/skydiveatmosfera.shop\/index.php\/product\/skydiving-co-dalej-po-aff-czyli-zostajesz-sam-na-sam-ebook\/#breadcrumb"},"inLanguage":"en-US","potentialAction":[{"@type":"ReadAction","target":["https:\/\/skydiveatmosfera.shop\/index.php\/product\/skydiving-co-dalej-po-aff-czyli-zostajesz-sam-na-sam-ebook\/"]}]},{"@type":"ImageObject","inLanguage":"en-US","@id":"https:\/\/skydiveatmosfera.shop\/index.php\/product\/skydiving-co-dalej-po-aff-czyli-zostajesz-sam-na-sam-ebook\/#primaryimage","url":"https:\/\/skydiveatmosfera.shop\/wp-content\/uploads\/2022\/09\/skydive-atmosferaskydiving-ebooks-podreczniki-spadochronowe0003.jpg","contentUrl":"https:\/\/skydiveatmosfera.shop\/wp-content\/uploads\/2022\/09\/skydive-atmosferaskydiving-ebooks-podreczniki-spadochronowe0003.jpg","width":800,"height":1139,"caption":"co dalej po aff czyli droga do licencji"},{"@type":"BreadcrumbList","@id":"https:\/\/skydiveatmosfera.shop\/index.php\/product\/skydiving-co-dalej-po-aff-czyli-zostajesz-sam-na-sam-ebook\/#breadcrumb","itemListElement":[{"@type":"ListItem","position":1,"name":"Home","item":"https:\/\/skydiveatmosfera.shop\/"},{"@type":"ListItem","position":2,"name":"Store","item":"https:\/\/skydiveatmosfera.shop\/"},{"@type":"ListItem","position":3,"name":"Co dalej po AFF, czyli Zostajesz Sam na Sam (e-book)"}]},{"@type":"WebSite","@id":"https:\/\/skydiveatmosfera.shop\/#website","url":"https:\/\/skydiveatmosfera.shop\/","name":"skydiveatmosfera.shop","description":"Gear picked by instructors. Not influencers. Not dealers. \ud83d\udc49 Used by jumpers. \ud83d\udc49 Not hyped by ads","publisher":{"@id":"https:\/\/skydiveatmosfera.shop\/#organization"},"potentialAction":[{"@type":"SearchAction","target":{"@type":"EntryPoint","urlTemplate":"https:\/\/skydiveatmosfera.shop\/?s={search_term_string}"},"query-input":{"@type":"PropertyValueSpecification","valueRequired":true,"valueName":"search_term_string"}}],"inLanguage":"en-US"},{"@type":"Organization","@id":"https:\/\/skydiveatmosfera.shop\/#organization","name":"skydiveatmosfera.shop","url":"https:\/\/skydiveatmosfera.shop\/","logo":{"@type":"ImageObject","inLanguage":"en-US","@id":"https:\/\/skydiveatmosfera.shop\/#\/schema\/logo\/image\/","url":"https:\/\/skydiveatmosfera.shop\/wp-content\/uploads\/2025\/07\/Logo-SA-Shop-duze.png","contentUrl":"https:\/\/skydiveatmosfera.shop\/wp-content\/uploads\/2025\/07\/Logo-SA-Shop-duze.png","width":813,"height":813,"caption":"skydiveatmosfera.shop"},"image":{"@id":"https:\/\/skydiveatmosfera.shop\/#\/schema\/logo\/image\/"},"sameAs":["https:\/\/www.facebook.com\/skydiveatmosferashop\/","https:\/\/www.instagram.com\/skydiveatmosfera_shop\/"]}]}},"jetpack-related-posts":[],"jetpack_sharing_enabled":true,"brands":[{"id":335,"name":"Skydive Atmosfera Books","slug":"skydive-atmosfera-books"},{"id":260,"name":"Skydive Atmosfera Exclusive","slug":"skydive-atmosfera-exclusive"}],"_links":{"self":[{"href":"https:\/\/skydiveatmosfera.shop\/index.php\/wp-json\/wp\/v2\/product\/1695","targetHints":{"allow":["GET"]}}],"collection":[{"href":"https:\/\/skydiveatmosfera.shop\/index.php\/wp-json\/wp\/v2\/product"}],"about":[{"href":"https:\/\/skydiveatmosfera.shop\/index.php\/wp-json\/wp\/v2\/types\/product"}],"wp:featuredmedia":[{"embeddable":true,"href":"https:\/\/skydiveatmosfera.shop\/index.php\/wp-json\/wp\/v2\/media\/4218"}],"wp:attachment":[{"href":"https:\/\/skydiveatmosfera.shop\/index.php\/wp-json\/wp\/v2\/media?parent=1695"}],"wp:term":[{"taxonomy":"pwb-brand","embeddable":true,"href":"https:\/\/skydiveatmosfera.shop\/index.php\/wp-json\/wp\/v2\/pwb-brand?post=1695"},{"taxonomy":"product_brand","embeddable":true,"href":"https:\/\/skydiveatmosfera.shop\/index.php\/wp-json\/wp\/v2\/product_brand?post=1695"},{"taxonomy":"product_cat","embeddable":true,"href":"https:\/\/skydiveatmosfera.shop\/index.php\/wp-json\/wp\/v2\/product_cat?post=1695"},{"taxonomy":"product_tag","embeddable":true,"href":"https:\/\/skydiveatmosfera.shop\/index.php\/wp-json\/wp\/v2\/product_tag?post=1695"}],"curies":[{"name":"wp","href":"https:\/\/api.w.org\/{rel}","templated":true}]}}